ed by i(65)?
39
Let i = 689 + -773. What is the remainder when 55 is divided by (-1 + 14)/(5 - i/(-18))?
16
Let l(c) = c**2 + c - 3. Let y(g) = -g**3 + 17*g**2 + 17*g - 221. Calculate the remainder when y(17) is divided by l(-6).
14
Let y = 1965 - 1935. What is the remainder when 32 is divided by y?
2
Let u = -13217 - -13947. What is the remainder when u is divided by 72?
10
Let d = -50 - -58. Suppose 3*f - d - 19 = 0. Suppose -21 = -0*b - 3*b. Calculate the remainder when f is divided by b.
2
Let b(c) = 4*c**2 - 9*c + 2. Let m = -70 - -83. What is the remainder when m is divided by b(3)?
2
Suppose -2*y = -5*y + 12, -3*j + 1775 = -y. What is the remainder when j is divided by 14?
5
Suppose -14087 = -296*n + 37713. What is the remainder when 856 is divided by n?
156
Suppose 6197 = 36*x - 4747. Calculate the remainder when x is divided by 148.
8
Calculate the remainder when (-2)/(-6) + ((-18149302)/(-3318) - (-10)/14) is divided by 17.
14
Let h = -1015 - -1078. What is the remainder when 163 is divided by h?
37
Suppose 5*d - 3*z = 99, 4*d - 181*z = -176*z + 61. What is the remainder when 814 is divided by d?
22
Suppose 3*i - 12 = -2*i - 4*f, 0 = 4*i - f - 18. Suppose 0 = -i*c - 0*c + 20. Suppose -c*a + 19 + 11 = 0. What is the remainder when 22 is divided by a?
4
Let j be 37 - (-4 - (4 + -7)). Let w = -31 + j. Suppose 416 = q + w*q. What is the remainder when q is divided by 18?
16
Calculate the remainder when 3813 is divided by 152 - ((-127 + 1)/9)/2.
156
Let q(h) = -h**3 + 7*h**2 + 4*h - 13. Let n be q(6). Let b = n + -42. Let f(g) = 3*g - 8. Calculate the remainder when 12 is divided by f(b).
5
Let f be -2 - (1788/12)/(-1 - 0). Let c = 150 - f. Calculate the remainder when c is divided by 2.
1
Let y = 12385 - 12053. What is the remainder when 944 is divided by y?
280
Let o = -2861 + 2895. What is the remainder when 1080 is divided by o?
26
Let a(m) = 275*m - 4101. Suppose -35 = 5*c - 95. Suppose j - c = -3*j. What is the remainder when a(15) is divided by j?
0
Suppose -5*q - v + 192 + 597 = 0, 2*v - 630 = -4*q. Calculate the remainder when q is divided by 37.
10
Let i(g) = 2*g**2 + 4*g - 3. Let w be i(1). Let j = -7 + 12. Suppose w*q + 118 = j*q. Calculate the remainder when q is divided by 12.
11
Let v = 578 + -549. What is the remainder when 403 is divided by v?
26
Let w = -58 + -69. Suppose -5*r = -25, -294 = 4*j - 6*j - 2*r. Let x = w + j. What is the remainder when 116 is divided by x?
11
Let l = -39 + 47. Suppose -3*w + 5*n = -140, -n = -4*w + 2*n + 172. Suppose 2*f - m = m + w, 0 = m + 5. Calculate the remainder when f is divided by l.
7
Let u = -830 - -835. Calculate the remainder when 3 - 2/((-6)/153) is divided by u.
4
Suppose -66 = 28*c - 30*c. Suppose -30*n - 90 = -c*n. Suppose -6*b + n = -0*b. What is the remainder when 12 is divided by b?
2
Suppose -2*m + 4*l + 392 + 778 = 0, -1791 = -3*m - 3*l. Suppose 0 = c - 3*r - 26, 3 = -r + 2*r. What is the remainder when m is divided by c?
33
Let x be 1/(1/1117) + (15 - 19). Suppose -92*k - x = -99*k. Calculate the remainder when k is divided by 54.
51
Let n(p) = 2*p**2 + 3*p - 4. Suppose -3*y = 2*s + 10, 0 = -5*y + 2*y - s - 11. What is the remainder when 111 is divided by n(y)?
15
Let a(l) be the first derivative of -2*l**2 + 93*l - 77. Calculate the remainder when a(7) is divided by 33.
32
Let n(t) = 4*t**2 + 10*t - 25. What is the remainder when n(7) is divided by 49?
45
Suppose 2654*j = 5296*j - 2659*j + 12325. Calculate the remainder when j is divided by 16.
5
Calculate the remainder when 2111 is divided by ((-1023)/(-62))/(18/764) - 2/6.
11
Let c(l) = -l + 2. Suppose -5*z - 14 = -b, -3*z = 5*b - z + 38. What is the remainder when c(b) is divided by (4 + -7 - 23/(-5))/(922/2305)?
0
Suppose 6649 - 6554 = 5*t. What is the remainder when 396 is divided by t?
16
Suppose -n - n - 362 = 0. Let y = -110 - n. Calculate the remainder when y is divided by (-1)/(-2) - (-70)/4.
17
Let l(m) = -86*m - 4806. Suppose 45 = 3*i - 3*f, 0*i = 5*i + 5*f - 75. Calculate the remainder when i is divided by l(-56).
5
Let t be ((-6)/9)/((-4)/6)*274. Suppose 0 = -3*h + 6, 5*h = -4*g + 4*h + t. Let f = g - 28. What is the remainder when 238 is divided by f?
38
Let u be -2 - 1 - 140/(-20). Suppose 2*r + u*i - 6 = 2*i, 5*r - i = 21. Suppose -107 = -r*y + 145. What is the remainder when y is divided by 13?
11
Let p(v) = v**3 - 2*v**2 + 3*v. Let t be p(2). Suppose -448 = -t*q - 112. Calculate the remainder when q is divided by 15.
11
Let s = -87 + 87. Let i(v) = v**3 + 4. Let y be i(s). Suppose 3*h + f = 34, -y*h + 0*h = -3*f - 54. What is the remainder when h is divided by 7?
5
Let u(r) = -r**2 - 7*r. Let m be u(-7). Suppose 3*b = -m*b - 222. Let k = 138 + b. Calculate the remainder when k is divided by 22.
20
Suppose -2*o = -31 - 1. Let x(k) = -4*k**3 - 6*k - 5. Let v be x(-1). Calculate the remainder when (336/6 - v) + -5 is divided by o.
14
Suppose 4*i + 2*o - 120 = 0, -4*i = -8*o + 4*o - 120. Let n = i + -13. Calculate the remainder when 96 is divided by n.
11
Calculate the remainder when 928 is divided by (-7 + 765/119)*11*-7.
4
Suppose 0 = 6*p - 429 - 39. Suppose 0 = -11*u - 2*u + 130. What is the remainder when p is divided by u?
8
Let o(s) = -s**2 - 14*s - 8. Let j be o(-6). Let b be 0*(j/12 - 3). What is the remainder when (1 - b) + 2 + 0 is divided by 3?
0
Suppose 29*y + 512 = 37*y. Suppose 2*s - 90 = -5*u, 0*s - 3*s + u = -101. Suppose 3*v = s + 4. Calculate the remainder when y is divided by v.
12
Let u = 552 + -468. Suppose -u = 16*a - 22*a. Calculate the remainder when 37 is divided by a.
9
Let x = 11974 + -11125. What is the remainder when x is divided by 59?
23
Suppose 145*v = -v + 38398. What is the remainder when v is divided by 14?
11
Let x be (-252)/(-27) - 10/(-15). Suppose -x*t = t - 66. Calculate the remainder when 7 is divided by t.
1
Let d = 224 - 107. Suppose 25*j - 232 = 368. Calculate the remainder when d is divided by j.
21
Suppose 2368 = -37*j + 111*j. Suppose -2*d + 206 = -k, -4*d - 2*k + 209 + 195 = 0. Calculate the remainder when d is divided by j.
6
Suppose 0 = -9*v + 8*v + 11. Let y(d) = -11*d + 7. Let n(w) = 6*w - 4. Let z(q) = -5*n(q) - 3*y(q). Calculate the remainder when v is divided by z(1).
1
Let z be 4 - (-6 + -74*3). Let w = -219 + z. What is the remainder when 17 is divided by w?
4
Suppose -3*h + 1 = -5. Let q(g) = 3*g**2 + 80*g + 145. What is the remainder when 34 - 2*h/(-2) is divided by q(-25)?
16
Let x(g) = -g**2 - 13*g + 162. What is the remainder when x(0) is divided by 33?
30
Let y = 4646 + -4551. What is the remainder when 861 is divided by y?
6
Suppose o + 4151 = 4*x, 3*o = -x + 770 + 245. Calculate the remainder when x is divided by 342.
10
What is the remainder when 939 is divided by 1053/15*1/(2 - 17/10)?
3
Let b(q) = 101*q - 32. What is the remainder when b(9) is divided by 7?
2
Let d = 1 - -11. Suppose 0 = 17*g + 9495 - 10447. Calculate the remainder when g is divided by d.
8
Let k be 9/(-4)*(-64)/48. Suppose 2*y + 5*a = 2*a + 1231, 0 = k*y - 4*a - 1821. What is the remainder when y is divided by 41?
37
Let v be 4/(-6) - (-112)/(-3). Let y = -26 - v. Calculate the remainder when (-728)/(-63) + 10 + (-60)/(-135) is divided by y.
10
Let s be 4 + 5 + -10 - 17. Let v = -30 - s. Let m(d) = d**2 + 3*d - 27. What is the remainder when m(v) is divided by 17?
13
Let q(z) = -2*z**2 + 3*z. Let x be q(2). Let b = -198 - -219. Calculate the remainder when b is divided by 192/(-80)*5/x.
3
Suppose -k = 2*k - 4*f + 138, -5*k - 230 = -4*f. Let s = k - -46. Suppose s = -j + 2*j + 4, -4*b - 5*j = -688. What is the remainder when b is divided by 36?
33
Let l = -774 - -921. Calculate the remainder when 901 is divided by l.
19
Let h = -11532 - -11544. Let q(i) = 11*i + 3. Calculate the remainder when q(4) is divided by h.
11
Let s(x) = 100 - 4*x**2 + 18*x + x - 92. Calculate the remainder when 30 is divided by s(5).
0
Suppose 23*v = -11*v - 24752. Let r = v - -741. What is the remainder when 37 is divided by r?
11
Let f(q) = 95 + 2*q**2 + 239*q - 490*q + 225*q. Let k = 24 + -16. Calculate the remainder when f(9) is divided by k.
7
Let y(u) = -u**2 - 24*u - 17. Let p be y(-11). Let o = 131 - p. Calculate the remainder when 17 is divided by o.
2
Let c = 570 + -301. Let i = c